*2. Let u be l(9). What is the greatest common divisor of 3 and u?
3
Let c be 87/27 - 4/18. Suppose 3*a = -5*k + 10, 3*k - 3 = 4*a + c. Let y(m) = -m + 12. Let w be y(a). Calculate the highest common factor of w and 96.
12
Let z = 32 + -27. Calculate the greatest common factor of 40 and z.
5
Let n(l) = -l**2 - 2*l + 9. Let q be n(-4). Suppose 0*m - 2*c = 4*m - 10, 2*m - 8 = -2*c. Calculate the highest common factor of q and m.
1
Suppose 0 = n + 4*n - 105. Let w = -9 + n. Let d(z) = -z**3 - 9*z**2 - 11*z - 6. Let g be d(-8). What is the greatest common factor of w and g?
6
Suppose 300 = 4*r + 5*o, o = r - 2*r + 74. Let n = r + -48. Suppose 2*c = n + 38. Calculate the greatest common factor of 12 and c.
6
Let u = 55 + 13. Let x be (-172)/(-5) + (-2)/5. What is the highest common factor of u and x?
34
Let h be (-24)/18*(0 - (0 + 9)). Calculate the greatest common factor of h and 4.
4
Let w(l) = 6*l**2 + 1. Let p(z) = -z**3 + 5*z**2 + 5*z + 6. Let f be p(6). Let q be w(f). What is the highest common factor of q and 2?
1
Let y = 1129 + -1119. Calculate the highest common factor of y and 145.
5
Suppose 0 = 5*u - 2*u - 9. Suppose 4*g = q - 3, -3*g = u*q - 6 - 3. Suppose -4*j = -q*j - 14. Calculate the highest common divisor of j and 126.
14
Let a be -15*(32/(-20) + 2). Let p be ((-8)/(-14))/(a/(-63)). Calculate the greatest common divisor of 12 and p.
6
Suppose 10*v + 2*l - 4 = 8*v, -l = -2*v + 7. What is the greatest common divisor of v and 339?
3
Let j(q) = -6*q**2 - q**3 + 6 - 19 - 2*q + 0*q + 7. Let c be j(-6). Calculate the greatest common factor of c and 15.
3
Suppose -3*x + 3*v + 6 = 0, 2*v + 4 = -0*v. Suppose -3*b + 66 = b + i, x = 5*b + 5*i - 75. Calculate the highest common divisor of b and 85.
17
Let m be ((-1472)/320)/(2/(-50)). Calculate the greatest common divisor of 115 and m.
115
Suppose -225 = d + 2*d. Let r be 234/5 - 15/d. Calculate the greatest common factor of 47 and r.
47
Let c be 245/25 - (-3 - 45/(-25)). Suppose -2*j - j = -264. What is the highest common divisor of j and c?
11
Let g(a) = -a**3 - 4*a**2 - 3*a - 4. Let x = 6 - 10. Let m be g(x). Suppose 10*i - m = 9*i. What is the greatest common divisor of 40 and i?
8
Let o be (-28)/10*1*-55. Let y(r) = -r**3 + 13*r**2 - 12*r + 14. Let q be y(12). Calculate the greatest common divisor of o and q.
14
Let u(a) = -a**3 - 5*a**2 + 18*a - 28. Let g be u(-7). Let d be -129 - -1 - (2 - 2). Let f = g - d. Calculate the highest common divisor of 9 and f.
9
Let l(v) be the second derivative of 2*v - 1/2*v**2 - 1/12*v**4 + 0 + 0*v**3 + 1/20*v**5. Let z be l(3). What is the highest common divisor of z and 119?
17
Let o be 951/(-21) + 12/42. Let g = -32 - o. What is the highest common factor of g and 143?
13
Suppose 8 = 4*c + 4. Suppose 0 = -2*d - 3*p + 14, 2*d - 3 = 3*p - c. Calculate the highest common divisor of 36 and d.
4
Let k = 13 - 5. Suppose -k*c + c + 35 = 0. Suppose -c*v = 0, -v + 3*v + 11 = z. Calculate the highest common factor of 99 and z.
11
Suppose 6*x - 4 = 5*x - 3*b, 4*b = -4*x + 32. Calculate the highest common divisor of 3730 and x.
10
Suppose 13*s = 3*q + 10*s, -5*q - s + 18 = 0. Let i be 10/q*99/55. Calculate the highest common divisor of 8 and i.
2
Let g(o) = -43*o - 357. Let a be g(-9). Calculate the greatest common factor of 108 and a.
6
Let h = 39 + -45. Let l be ((-228)/(-5))/(h/(-20)). What is the highest common factor of l and 19?
19
Suppose -3*a + 29 = -m, 4*m = 9*m + 10. What is the highest common factor of 657 and a?
9
Let r = -21 + 32. Let x(y) = -y**3 - 8*y**2 - 9*y - 28. Let t be x(-8). Let q be t/3*1*21/14. Calculate the greatest common factor of q and r.
11
Suppose -2 = 2*f, 2*p - 7 = 2*f - 3*f. Suppose 8*k - 20 = p*k. Let g be 19 + (2 - (-1 - -2)). Calculate the greatest common divisor of k and g.
5
Let r(c) = 5*c - 7 + 12 - c**2 + 0*c**2 + 1. Let q be r(4). Calculate the highest common factor of q and 80.
10
Suppose -5*b + 157 = -18. Suppose -3465 = -803*g + 770*g. Calculate the greatest common divisor of b and g.
35
Let v(n) = 8*n**2 + 3*n - 1. Suppose 0 = 3*x + 10 - 19. Let q be v(x). What is the highest common factor of q and 10?
10
Let y = -24 - -28. Suppose 3*u - 2*n = -3*n - 1, -y*n - 12 = 4*u. Let v be (221/51)/(u/3). Calculate the greatest common divisor of 52 and v.
13
Suppose z = -3*p + 667, -112 = -p - 5*z + 129. What is the greatest common factor of 17 and p?
17
Let y(b) = -b**3 - 41*b**2 + 82*b - 126. Let x be y(-43). What is the greatest common factor of x and 2875?
23
Suppose 8*d - 7*d - o = 224, -872 = -4*d - 2*o. Calculate the greatest common factor of d and 20.
20
Suppose 5*x = -l + 5*l + 20, -3*x + 12 = 5*l. What is the greatest common factor of x and 8?
4
Suppose 4*o - 177 = 39. What is the greatest common factor of o and 189?
27
Let v(j) = 21*j**3 - 2*j**2 + 7*j - 6. Let t be v(2). Calculate the greatest common factor of t and 48.
24
Suppose 225 = 4*z + 173. Let o = 223 - 80. Calculate the highest common factor of z and o.
13
Suppose 0*p = -3*p. Suppose n + 0*n - 11 = p. Let g = 552 - 541. What is the highest common divisor of g and n?
11
Suppose -2*w + 57 + 15 = 0. What is the greatest common factor of 396 and w?
36
Let f(y) = 12*y - 1. Let d be f(1). Let t = d - 7. Let i = 0 + t. What is the greatest common factor of 36 and i?
4
Suppose -4*s = -2*s - 2. Suppose 2*w = 6, 14 - 50 = -3*v - 5*w. What is the greatest common divisor of s and v?
1
Let l(v) = -v**3 - 7*v**2 + 11*v + 4. Let q be l(-8). Let b = 28 + q. Let g be (3/(-2))/((-6)/b). What is the highest common divisor of g and 10?
2
Suppose -5*k + 10*k - 5*q - 1535 = 0, 0 = -k + 3*q + 309. What is the greatest common divisor of 34 and k?
34
Suppose 4*j - 4 = 0, -65 = -2*k - 4*j + 25. Let x = k - 24. Calculate the greatest common divisor of x and 95.
19
Let g(x) = x**3 + x**2 - x - 1. Let u be g(2). Suppose -2*m - 2*m = 12. Let l be ((-27)/(-21) + m)/(4/(-14)). Calculate the greatest common factor of u and l.
3
Let s = -65 + 108. Suppose -5*z + s + 179 = 2*x, z = 4*x - 488. Calculate the highest common divisor of x and 11.
11
Suppose -23 - 18 = -7*b - 6. Let f be ((-6)/(-5))/(3/10). Let u be (-2)/(-8) + 79/f. Calculate the greatest common divisor of b and u.
5
Let s be 11*(0 - -1) - (8 + -7). Let n be ((-210)/(-25))/(2/s). What is the highest common factor of 42 and n?
42
Let l(u) be the first derivative of -3*u**2 - 17*u + 25. Let n be l(-6). What is the greatest common divisor of n and 19?
19
Suppose 3*x + 5 = i - 0*i, 2 = -x. Let r be 56 + (0 - (i - -1)). Let p be (-20)/50 + 42/5. Calculate the highest common factor of p and r.
8
Suppose -3*z + 3*f = -198, -8*f = 3*z - 3*f - 230. Calculate the highest common divisor of z and 266.
14
Let m(l) = -3*l**2 + 10*l + 136. Let k be m(-4). Suppose -2*b + 98 = b + 5*c, 5*b - 178 = -c. What is the highest common factor of b and k?
12
Suppose -4*p + 14 = 3*p. Suppose 23 = -p*t + 41. What is the highest common divisor of t and 153?
9
Suppose 8*v - 225 = 215. Calculate the greatest common factor of 44 and v.
11
Let j = 14 - 11. Suppose 3*x - 15 = -5*z + 5, -j*x = 4*z - 19. Let q be (-11 + 10)/(z/(-8)). Calculate the greatest common divisor of 20 and q.
4
Let p(u) = -143*u - 88. Let l be p(-7). What is the greatest common factor of 11 and l?
11
Suppose 5*g - s = -0*s + 17, -3*s + 9 = 5*g. Suppose -g*b + b = -20. Suppose b*k = 5*k + 455. What is the highest common factor of 13 and k?
13
Let i(j) be the first derivative of 4*j**3/3 + 2*j**2 - 4*j - 7. Let a be i(-6). Calculate the greatest common divisor of 29 and a.
29
Let q be 168 + (-4)/(3/3). Let h be 3*(7 - 6)*82/6. What is the greatest common factor of q and h?
41
Let m = 1207 + -1119. Suppose 0*n + 4*n = 44. What is the greatest common divisor of n and m?
11
Let y be 2*(-10)/10 - (-8 - 0). What is the highest common divisor of y and 606?
6
Suppose -10*j + 11 - 871 = 0. Let y = -60 - j. Let o = 183 + -53. Calculate the highest common factor of y and o.
26
Let x(a) = 2*a**2. Let r be x(1). Suppose r*v - 16 = -5*h + 4*h, 3*v - h = 19. What is the highest common divisor of v and 63?
7
Let d be (-444)/(-22) + 2/(-11). Suppose -d = b + 4*b. Let c be (b/1)/(7/(-28)). What is the greatest common factor of c and 144?
16
Let m(o) = 16*o**3 - o**2 + 3*o + 6. Let p be m(4). What is the high